{"id":9702,"date":"2021-04-16T02:59:00","date_gmt":"2021-04-16T00:59:00","guid":{"rendered":"https:\/\/pavillon-adc.ch\/?post_type=spectacle&#038;p=9702"},"modified":"2021-05-04T17:22:46","modified_gmt":"2021-05-04T15:22:46","slug":"marches-exploratoire","status":"publish","type":"spectacle","link":"https:\/\/archives.adc-geneve.ch\/2021\/spectacle\/marches-exploratoire\/","title":{"rendered":"Marches exploratoires"},"content":{"rendered":"\n<div class=\"wp-container-69f2a23a8e762 wp-block-columns alignwide\">\n<div class=\"wp-block-column\" style=\"flex-basis:50%\"><div data-block_5ee37be732921 class=\"c-block c-block-spectacle-header  spectacle-header align\">\n\n        <h1 class=\"b-spectacle-header__auteur font-sans font-bold text-6xl md:text-4xl leading-none md:pr-4 border-0 pb-0 mb-1\">Marches exploratoires<\/h1>\n        <span class=\"b-spectacle-header__titre font-serif italic block text-5xl md:text-3xl  leading-none w-auto md:w-full md:inline\">      <\/span>         \n\n    <p class=\"text-xl font-bold\">\n    je 22.04, sa 24.04, sa 08.05, di 09.05, je 20.05, sa 22.05       \/ dans le quartier du Pavillon      \/ ADC + Chantier Ouvert     <\/p>\n\n        <div class=\"text-xl border-t border-black pt-1\"><p><strong>Suite aux nouvelles annonces du Conseil f\u00e9d\u00e9ral, nous agendons les 3 marches aux dates suivantes. Ouverture des inscriptions en priorit\u00e9 pour les inscrits 2020.<\/strong><\/p>\n<p class=\"p1\"><strong><span class=\"s1\">1e marche &#8211; Le Ventre de la terre<br \/>\n<\/span><\/strong><span class=\"s1\">jeudi 22 avril \u00e0 18h30<\/span><span class=\"s1\"><br \/>\nsamedi 24 avril \u00e0 17h<\/span><\/p>\n<p><strong>2e marche &#8211; Au coeur de la ville<\/strong><br \/>\n<del>jeudi 6 mai \u00e0 18h30<\/del> nouvelle date <strong>di 9 mai \u00e0 18h<\/strong><br \/>\nsamedi 8 mai \u00e0 17h<\/p>\n<p><strong>3e marche &#8211; Des voix dans la t\u00eate<\/strong><br \/>\njeudi 20 mai \u00e0 18h30<br \/>\nsamedi 22 mai \u00e0 17h<\/p>\n<p>&nbsp;<\/p>\n<p>Marcher, aller vers, se d\u00e9placer, sentir le rythme, observer. Pour vivre ensemble la transition de la salle des Eaux-Vives au Pavillon de la danse sur la place Sturm, l\u2019ADC propose trois Marches exploratoires pens\u00e9es et r\u00e9alis\u00e9es par l\u2019association Chantier Ouvert qui sensibilise \u00e0 l\u2019architecture.<\/p>\n<p>Guid\u00e9es par des artistes, ces marches po\u00e9tiques proposent de saisir le contour historique, patrimonial, et typologique du quartier comme d&#8217;en sonder ses r\u00e9cits souterrains et d\u00e9rob\u00e9s. Une exploration du territoire alentour du Pavillon comme on rencontre un corps \u2013 un corps complexe, pluriel, un corps en mouvement.<\/p>\n<p>Chaque marche est immersive. Les participants sont guid\u00e9s par l&#8217;artiste qui les accompagne. Les trois circuits se terminent au sein du Pavillon, autour d\u2019un moment d\u2019\u00e9change et de collation.<\/p>\n<p>&nbsp;<\/p>\n<p><strong>1<sup>e<\/sup> marche | Le ventre de la terre<br \/>\nguid\u00e9e et r\u00e9alis\u00e9e par Aur\u00e9lien Reymond *<br \/>\n<\/strong>je 22 avril \u00e0 18h30 et sa 24 avril \u00e0 17h<\/p>\n<p>Comme une invitation \u00e0 la rencontre d\u2019un corps invisible, cette travers\u00e9e propose de tendre l\u2019oreille en dedans. Vibrations, borborygmes, mythes populaires. Berc\u00e9s par des \u00e9vocations po\u00e9tiques, visuelles et sonores, ce corps caverneux deviendra subrepticement un monde \u00e0 port\u00e9e de main.<\/p>\n<p>* Dipl\u00f4m\u00e9 de la HEAD, <span style=\"text-decoration: underline;\">Aur\u00e9lien Reymond<\/span> questionne dans ses projets notre rapport \u00e0 l&#8217;histoire des lieux, aux mythes, et \u00e0 l&#8217;histoire de la discipline architecturale elle-m\u00eame. Il confronte souvent des notions comme la fonction et l&#8217;ornement, le domestique et le public, l&#8217;artifice et la nature. Il a co-fond\u00e9 en 2014 le collectif d&#8217;artistes et d&#8217;architectes GALTA et \u00e9tudie actuellement l&#8217;histoire de l&#8217;art et de l&#8217;architecture \u00e0 Gen\u00e8ve.<\/p>\n<p><strong>2<sup>e<\/sup> marche | Au coeur de la ville<br \/>\nguid\u00e9e et r\u00e9alis\u00e9s par Olga Kokcharova **<br \/>\n<\/strong><del>je 6 mai \u00e0 18h30<\/del> sa 8 mai \u00e0 17h et <strong>di 9 mai \u00e0 18h<\/strong> (nouvelle date en fonction de la m\u00e9t\u00e9o)<\/p>\n<div class=\"page\" title=\"Page 2\">\n<div class=\"layoutArea\">\n<div class=\"column\">\n<p>La marche invite \u00e0 consid\u00e9rer l\u2019espace urbain comme un organisme vivant. Une rencontre d\u2019un corps \u00e0 la fois pr\u00e9sence et m\u00e9moire. Plong\u00e9e dans une r\u00e9alit\u00e9 amplifi\u00e9e, \u00e0 l\u2019\u00e9coute des battements du c\u0153ur de la ville, la marche suit le rythme des sons, au gr\u00e9 des rencontres et des occasions qui se pr\u00e9sentent dans l\u2019espace public.<\/p>\n<\/div>\n<p>** N\u00e9e en Sib\u00e9rie, <span style=\"text-decoration: underline;\">Olga Kokcharova<\/span> est une artiste sonore, musicienne et architecte paysagiste. Elle s&#8217;int\u00e9resse \u00e0 tout ce qui est audible, ind\u00e9pendamment du m\u00e9dium. Elle travaille avec des synth\u00e9tiseurs modulaires analogiques, des instruments pr\u00e9par\u00e9s et des enregistrements de terrain. Elle privil\u00e9gie une prise de son minutieuse tout en exp\u00e9rimentant des circonstances o\u00f9 le mat\u00e9riel d&#8217;enregistrement est mis \u00e0 l&#8217;\u00e9preuve. Son travail est pr\u00e9sent\u00e9 en Europe, en Argentine, en Australie et aux Etats-Unis et a \u00e9t\u00e9 r\u00e9compens\u00e9 par de nombreux prix.<\/p>\n<\/div>\n<\/div>\n<p><strong>3<sup>e<\/sup> marche | Des voix dans la t\u00eate<br \/>\nguid\u00e9e et r\u00e9alis\u00e9e par le collectif Les D\u00e9nominateurs Communs ***<br \/>\n<\/strong>je 20 mai \u00e0 18h30 et sa 22 mai 17h<\/p>\n<div class=\"page\" title=\"Page 2\">\n<div class=\"layoutArea\">\n<div class=\"column\">\n<p>Pour cette derni\u00e8re marche, la parole revient au corps habit\u00e9, aux voix du quartier. Pas \u00e0 pas surgissent les fant\u00f4mes du pass\u00e9, les chants d\u2019oiseaux, les souvenirs de f\u00eates, la m\u00e9moire des saisons, les confidences intimes&#8230;Des moments de vie, \u00e0 l\u2019\u00e9chelle du vivant.<\/p>\n<\/div>\n<p>*** Collectif bas\u00e9 \u00e0 Gen\u00e8ve, les <span style=\"text-decoration: underline;\">D\u00e9nominateurs Communs<\/span> engagent des d\u00e9marches exp\u00e9rimentales qui place l&#8217;imaginaire collectif, le g\u00e9nie du lieu et l&#8217;exp\u00e9rience sensible de l&#8217;espace au centre de leur projet artistique. ils imaginent et \u00e9laborent des fictions po\u00e9tiques inspir\u00e9es par le r\u00e9el. Le vivant est leur mati\u00e8re, l&#8217;art vivant leur mode d&#8217;expression. Actuellement, il m\u00e8nent un projet de recherche-action \u00e0 la Manufacture HES \u00e0 Lausanne dans lequel ils explorent les dramaturgies du paysage hors les murs et in situ. Intervenants : Maria Da Silva metteure en sc\u00e8ne et Nicolas Dutour architecte paysagiste HES.<\/p>\n<div class=\"column\">\n<p>&nbsp;<\/p>\n<\/div>\n<\/div>\n<\/div>\n<p>Tarif &#8211; CHF 10.- \/ marche<br \/>\nInfo et inscription &#8211; cecile.simonet@adc-geneve.ch<\/p>\n<p>&nbsp;<\/p>\n<p>En savoir plus sur l&#8217;association <a href=\"https:\/\/www.chantierouvert.ch\/6770409\/presentation\">Chantier Ouvert<\/a> &#8211; pour &#8220;d\u00e9couvrir, imaginer, regarder, explorer, fabriquer et r\u00eaver la ville !<\/p>\n<\/div>\n    <\/div>\n\n\n\n\n<div data-block_5ee37be732924 class=\"c-block c-block-acc b-accordeon b-accordeon-billet  spectacle-billet align\">\n  <button id=\"accordeon-block_5ee37be732924\" class=\"b-acc__button js-accordeon-button\" >\n    <span class=\"b-acc__titre\">Billets <i><\/i><\/span>\n  <\/button>\n  <div class=\"b-acc__panel\">\n\n    \n        <ul class=\"c-panel-list\">\n                  <li class=\"c-panel-list__item\">\n              \n          <\/li>\n                  <li class=\"c-panel-list__item\">\n              \n          <\/li>\n                  <li class=\"c-panel-list__item\">\n              \n          <\/li>\n            <\/ul>\n    \n    \n      <\/div>\n<\/div>\n<\/div>\n\n\n\n<div class=\"wp-block-column\">\n<figure class=\"wp-block-gallery columns-1 is-cropped\"><ul class=\"blocks-gallery-grid\"><li class=\"blocks-gallery-item\"><figure><img loading=\"lazy\" width=\"909\" height=\"635\" src=\"https:\/\/archives.adc-geneve.ch\/2021\/wp-content\/uploads\/2020\/06\/marches-exploratoires-3-rotated-e1593436560455.jpg\" alt=\"Marches exploratoires 3\" data-id=\"12827\" data-full-url=\"https:\/\/archives.adc-geneve.ch\/2021\/wp-content\/uploads\/2020\/06\/marches-exploratoires-3-rotated-e1593436560455.jpg\" data-link=\"https:\/\/archives.adc-geneve.ch\/2021\/spectacle\/marches-exploratoire\/marches-exploratoires-3\/\" class=\"wp-image-12827\" srcset=\"https:\/\/archives.adc-geneve.ch\/2021\/wp-content\/uploads\/2020\/06\/marches-exploratoires-3-rotated-e1593436560455.jpg 909w, https:\/\/archives.adc-geneve.ch\/2021\/wp-content\/uploads\/2020\/06\/marches-exploratoires-3-rotated-e1593436560455-300x210.jpg 300w, https:\/\/archives.adc-geneve.ch\/2021\/wp-content\/uploads\/2020\/06\/marches-exploratoires-3-rotated-e1593436560455-768x537.jpg 768w\" sizes=\"(max-width: 909px) 100vw, 909px\" \/><figcaption class=\"blocks-gallery-item__caption\">\u00a9&nbsp;Chantal Vey,<em> Palimpseste Topologique<\/em> <em>#4, cc3<\/em>, 2018.<\/figcaption><\/figure><\/li><li class=\"blocks-gallery-item\"><figure><img loading=\"lazy\" width=\"1024\" height=\"730\" src=\"https:\/\/archives.adc-geneve.ch\/2021\/wp-content\/uploads\/2020\/10\/Marche1_1914-18-Gene\u0300ve-place-Sturm-chantier-1024x730.jpg\" alt=\"\" data-id=\"15048\" data-full-url=\"https:\/\/archives.adc-geneve.ch\/2021\/wp-content\/uploads\/2020\/10\/Marche1_1914-18-Gene\u0300ve-place-Sturm-chantier.jpg\" data-link=\"https:\/\/archives.adc-geneve.ch\/2021\/marche1_1914-18-geneve-place-sturm-chantier\/\" class=\"wp-image-15048\" srcset=\"https:\/\/archives.adc-geneve.ch\/2021\/wp-content\/uploads\/2020\/10\/Marche1_1914-18-Gene\u0300ve-place-Sturm-chantier-1024x730.jpg 1024w, https:\/\/archives.adc-geneve.ch\/2021\/wp-content\/uploads\/2020\/10\/Marche1_1914-18-Gene\u0300ve-place-Sturm-chantier-300x214.jpg 300w, https:\/\/archives.adc-geneve.ch\/2021\/wp-content\/uploads\/2020\/10\/Marche1_1914-18-Gene\u0300ve-place-Sturm-chantier-768x548.jpg 768w, https:\/\/archives.adc-geneve.ch\/2021\/wp-content\/uploads\/2020\/10\/Marche1_1914-18-Gene\u0300ve-place-Sturm-chantier-1536x1095.jpg 1536w, https:\/\/archives.adc-geneve.ch\/2021\/wp-content\/uploads\/2020\/10\/Marche1_1914-18-Gene\u0300ve-place-Sturm-chantier-1320x941.jpg 1320w, https:\/\/archives.adc-geneve.ch\/2021\/wp-content\/uploads\/2020\/10\/Marche1_1914-18-Gene\u0300ve-place-Sturm-chantier.jpg 1540w\" sizes=\"(max-width: 1024px) 100vw, 1024px\" \/><figcaption class=\"blocks-gallery-item__caption\">1914-18, Gen\u00e8ve, Place Sturm, chantier<\/figcaption><\/figure><\/li><li class=\"blocks-gallery-item\"><figure><img loading=\"lazy\" width=\"1024\" height=\"654\" src=\"https:\/\/archives.adc-geneve.ch\/2021\/wp-content\/uploads\/2020\/09\/pavillon-ADC-carte-1024x654.jpg\" alt=\"\" data-id=\"14969\" data-full-url=\"https:\/\/archives.adc-geneve.ch\/2021\/wp-content\/uploads\/2020\/09\/pavillon-ADC-carte-scaled.jpg\" data-link=\"https:\/\/archives.adc-geneve.ch\/2021\/pavillon-adc-carte\/\" class=\"wp-image-14969\" srcset=\"https:\/\/archives.adc-geneve.ch\/2021\/wp-content\/uploads\/2020\/09\/pavillon-ADC-carte-1024x654.jpg 1024w, https:\/\/archives.adc-geneve.ch\/2021\/wp-content\/uploads\/2020\/09\/pavillon-ADC-carte-300x192.jpg 300w, https:\/\/archives.adc-geneve.ch\/2021\/wp-content\/uploads\/2020\/09\/pavillon-ADC-carte-768x491.jpg 768w, https:\/\/archives.adc-geneve.ch\/2021\/wp-content\/uploads\/2020\/09\/pavillon-ADC-carte-1536x982.jpg 1536w, https:\/\/archives.adc-geneve.ch\/2021\/wp-content\/uploads\/2020\/09\/pavillon-ADC-carte-2048x1309.jpg 2048w, https:\/\/archives.adc-geneve.ch\/2021\/wp-content\/uploads\/2020\/09\/pavillon-ADC-carte-1320x844.jpg 1320w\" sizes=\"(max-width: 1024px) 100vw, 1024px\" \/><figcaption class=\"blocks-gallery-item__caption\">3e marche \/ Au coeur de la ville \u00a9 Olga Kokcharova<\/figcaption><\/figure><\/li><\/ul><\/figure>\n\n\n\n<p><\/p>\n<\/div>\n<\/div>\n\n\n\n<div class=\"wp-container-69f2a23a8f018 wp-block-group\"><div class=\"wp-block-group__inner-container\">\n<figure class=\"wp-block-gallery aligncenter columns-0 is-cropped\"><ul class=\"blocks-gallery-grid\"><\/ul><\/figure>\n<\/div><\/div>\n","protected":false},"excerpt":{"rendered":"","protected":false},"featured_media":12827,"template":"","categories":[16,17,1],"tags":[21],"_links":{"self":[{"href":"https:\/\/archives.adc-geneve.ch\/2021\/wp-json\/wp\/v2\/spectacle\/9702"}],"collection":[{"href":"https:\/\/archives.adc-geneve.ch\/2021\/wp-json\/wp\/v2\/spectacle"}],"about":[{"href":"https:\/\/archives.adc-geneve.ch\/2021\/wp-json\/wp\/v2\/types\/spectacle"}],"version-history":[{"count":27,"href":"https:\/\/archives.adc-geneve.ch\/2021\/wp-json\/wp\/v2\/spectacle\/9702\/revisions"}],"predecessor-version":[{"id":17527,"href":"https:\/\/archives.adc-geneve.ch\/2021\/wp-json\/wp\/v2\/spectacle\/9702\/revisions\/17527"}],"wp:featuredmedia":[{"embeddable":true,"href":"https:\/\/archives.adc-geneve.ch\/2021\/wp-json\/wp\/v2\/media\/12827"}],"wp:attachment":[{"href":"https:\/\/archives.adc-geneve.ch\/2021\/wp-json\/wp\/v2\/media?parent=9702"}],"wp:term":[{"taxonomy":"category","embeddable":true,"href":"https:\/\/archives.adc-geneve.ch\/2021\/wp-json\/wp\/v2\/categories?post=9702"},{"taxonomy":"post_tag","embeddable":true,"href":"https:\/\/archives.adc-geneve.ch\/2021\/wp-json\/wp\/v2\/tags?post=9702"}],"curies":[{"name":"wp","href":"https:\/\/api.w.org\/{rel}","templated":true}]}}

<div class="wp-container-69f2a23a8e762 wp-block-columns alignwide">
<div class="wp-block-column" style="flex-basis:50%"><div data-block_5ee37be732921 class="c-block c-block-spectacle-header  spectacle-header align">

        <h1 class="b-spectacle-header__auteur font-sans font-bold text-6xl md:text-4xl leading-none md:pr-4 border-0 pb-0 mb-1">Marches exploratoires</h1>
        <span class="b-spectacle-header__titre font-serif italic block text-5xl md:text-3xl  leading-none w-auto md:w-full md:inline">      </span>         

    <p class="text-xl font-bold">
    je 22.04, sa 24.04, sa 08.05, di 09.05, je 20.05, sa 22.05       / dans le quartier du Pavillon      / ADC + Chantier Ouvert     </p>

        <div class="text-xl border-t border-black pt-1"><p><strong>Suite aux nouvelles annonces du Conseil fédéral, nous agendons les 3 marches aux dates suivantes. Ouverture des inscriptions en priorité pour les inscrits 2020.</strong></p>
<p class="p1"><strong><span class="s1">1e marche &#8211; Le Ventre de la terre<br />
</span></strong><span class="s1">jeudi 22 avril à 18h30</span><span class="s1"><br />
samedi 24 avril à 17h</span></p>
<p><strong>2e marche &#8211; Au coeur de la ville</strong><br />
<del>jeudi 6 mai à 18h30</del> nouvelle date <strong>di 9 mai à 18h</strong><br />
samedi 8 mai à 17h</p>
<p><strong>3e marche &#8211; Des voix dans la tête</strong><br />
jeudi 20 mai à 18h30<br />
samedi 22 mai à 17h</p>
<p>&nbsp;</p>
<p>Marcher, aller vers, se déplacer, sentir le rythme, observer. Pour vivre ensemble la transition de la salle des Eaux-Vives au Pavillon de la danse sur la place Sturm, l’ADC propose trois Marches exploratoires pensées et réalisées par l’association Chantier Ouvert qui sensibilise à l’architecture.</p>
<p>Guidées par des artistes, ces marches poétiques proposent de saisir le contour historique, patrimonial, et typologique du quartier comme d&#8217;en sonder ses récits souterrains et dérobés. Une exploration du territoire alentour du Pavillon comme on rencontre un corps – un corps complexe, pluriel, un corps en mouvement.</p>
<p>Chaque marche est immersive. Les participants sont guidés par l&#8217;artiste qui les accompagne. Les trois circuits se terminent au sein du Pavillon, autour d’un moment d’échange et de collation.</p>
<p>&nbsp;</p>
<p><strong>1<sup>e</sup> marche | Le ventre de la terre<br />
guidée et réalisée par Aurélien Reymond *<br />
</strong>je 22 avril à 18h30 et sa 24 avril à 17h</p>
<p>Comme une invitation à la rencontre d’un corps invisible, cette traversée propose de tendre l’oreille en dedans. Vibrations, borborygmes, mythes populaires. Bercés par des évocations poétiques, visuelles et sonores, ce corps caverneux deviendra subrepticement un monde à portée de main.</p>
<p>* Diplômé de la HEAD, <span style="text-decoration: underline;">Aurélien Reymond</span> questionne dans ses projets notre rapport à l&#8217;histoire des lieux, aux mythes, et à l&#8217;histoire de la discipline architecturale elle-même. Il confronte souvent des notions comme la fonction et l&#8217;ornement, le domestique et le public, l&#8217;artifice et la nature. Il a co-fondé en 2014 le collectif d&#8217;artistes et d&#8217;architectes GALTA et étudie actuellement l&#8217;histoire de l&#8217;art et de l&#8217;architecture à Genève.</p>
<p><strong>2<sup>e</sup> marche | Au coeur de la ville<br />
guidée et réalisés par Olga Kokcharova **<br />
</strong><del>je 6 mai à 18h30</del> sa 8 mai à 17h et <strong>di 9 mai à 18h</strong> (nouvelle date en fonction de la météo)</p>
<div class="page" title="Page 2">
<div class="layoutArea">
<div class="column">
<p>La marche invite à considérer l’espace urbain comme un organisme vivant. Une rencontre d’un corps à la fois présence et mémoire. Plongée dans une réalité amplifiée, à l’écoute des battements du cœur de la ville, la marche suit le rythme des sons, au gré des rencontres et des occasions qui se présentent dans l’espace public.</p>
</div>
<p>** Née en Sibérie, <span style="text-decoration: underline;">Olga Kokcharova</span> est une artiste sonore, musicienne et architecte paysagiste. Elle s&#8217;intéresse à tout ce qui est audible, indépendamment du médium. Elle travaille avec des synthétiseurs modulaires analogiques, des instruments préparés et des enregistrements de terrain. Elle privilégie une prise de son minutieuse tout en expérimentant des circonstances où le matériel d&#8217;enregistrement est mis à l&#8217;épreuve. Son travail est présenté en Europe, en Argentine, en Australie et aux Etats-Unis et a été récompensé par de nombreux prix.</p>
</div>
</div>
<p><strong>3<sup>e</sup> marche | Des voix dans la tête<br />
guidée et réalisée par le collectif Les Dénominateurs Communs ***<br />
</strong>je 20 mai à 18h30 et sa 22 mai 17h</p>
<div class="page" title="Page 2">
<div class="layoutArea">
<div class="column">
<p>Pour cette dernière marche, la parole revient au corps habité, aux voix du quartier. Pas à pas surgissent les fantômes du passé, les chants d’oiseaux, les souvenirs de fêtes, la mémoire des saisons, les confidences intimes&#8230;Des moments de vie, à l’échelle du vivant.</p>
</div>
<p>*** Collectif basé à Genève, les <span style="text-decoration: underline;">Dénominateurs Communs</span> engagent des démarches expérimentales qui place l&#8217;imaginaire collectif, le génie du lieu et l&#8217;expérience sensible de l&#8217;espace au centre de leur projet artistique. ils imaginent et élaborent des fictions poétiques inspirées par le réel. Le vivant est leur matière, l&#8217;art vivant leur mode d&#8217;expression. Actuellement, il mènent un projet de recherche-action à la Manufacture HES à Lausanne dans lequel ils explorent les dramaturgies du paysage hors les murs et in situ. Intervenants : Maria Da Silva metteure en scène et Nicolas Dutour architecte paysagiste HES.</p>
<div class="column">
<p>&nbsp;</p>
</div>
</div>
</div>
<p>Tarif &#8211; CHF 10.- / marche<br />
Info et inscription &#8211; cecile.simonet@adc-geneve.ch</p>
<p>&nbsp;</p>
<p>En savoir plus sur l&#8217;association <a href="https://www.chantierouvert.ch/6770409/presentation">Chantier Ouvert</a> &#8211; pour &#8220;découvrir, imaginer, regarder, explorer, fabriquer et rêver la ville !</p>
</div>
    </div>




<div data-block_5ee37be732924 class="c-block c-block-acc b-accordeon b-accordeon-billet  spectacle-billet align">
  <button id="accordeon-block_5ee37be732924" class="b-acc__button js-accordeon-button" >
    <span class="b-acc__titre">Billets <i></i></span>
  </button>
  <div class="b-acc__panel">

    
        <ul class="c-panel-list">
                  <li class="c-panel-list__item">
              
          </li>
                  <li class="c-panel-list__item">
              
          </li>
                  <li class="c-panel-list__item">
              
          </li>
            </ul>
    
    
      </div>
</div>
</div>



<div class="wp-block-column">
<figure class="wp-block-gallery columns-1 is-cropped"><ul class="blocks-gallery-grid"><li class="blocks-gallery-item"><figure><img loading="lazy" width="909" height="635" src="https://archives.adc-geneve.ch/2021/wp-content/uploads/2020/06/marches-exploratoires-3-rotated-e1593436560455.jpg" alt="Marches exploratoires 3" data-id="12827" data-full-url="https://archives.adc-geneve.ch/2021/wp-content/uploads/2020/06/marches-exploratoires-3-rotated-e1593436560455.jpg" data-link="https://archives.adc-geneve.ch/2021/spectacle/marches-exploratoire/marches-exploratoires-3/" class="wp-image-12827" srcset="https://archives.adc-geneve.ch/2021/wp-content/uploads/2020/06/marches-exploratoires-3-rotated-e1593436560455.jpg 909w, https://archives.adc-geneve.ch/2021/wp-content/uploads/2020/06/marches-exploratoires-3-rotated-e1593436560455-300x210.jpg 300w, https://archives.adc-geneve.ch/2021/wp-content/uploads/2020/06/marches-exploratoires-3-rotated-e1593436560455-768x537.jpg 768w" sizes="(max-width: 909px) 100vw, 909px" /><figcaption class="blocks-gallery-item__caption">©&nbsp;Chantal Vey,<em> Palimpseste Topologique</em> <em>#4, cc3</em>, 2018.</figcaption></figure></li><li class="blocks-gallery-item"><figure><img loading="lazy" width="1024" height="730" src="https://archives.adc-geneve.ch/2021/wp-content/uploads/2020/10/Marche1_1914-18-Genève-place-Sturm-chantier-1024x730.jpg" alt="" data-id="15048" data-full-url="https://archives.adc-geneve.ch/2021/wp-content/uploads/2020/10/Marche1_1914-18-Genève-place-Sturm-chantier.jpg" data-link="https://archives.adc-geneve.ch/2021/marche1_1914-18-geneve-place-sturm-chantier/" class="wp-image-15048" srcset="https://archives.adc-geneve.ch/2021/wp-content/uploads/2020/10/Marche1_1914-18-Genève-place-Sturm-chantier-1024x730.jpg 1024w, https://archives.adc-geneve.ch/2021/wp-content/uploads/2020/10/Marche1_1914-18-Genève-place-Sturm-chantier-300x214.jpg 300w, https://archives.adc-geneve.ch/2021/wp-content/uploads/2020/10/Marche1_1914-18-Genève-place-Sturm-chantier-768x548.jpg 768w, https://archives.adc-geneve.ch/2021/wp-content/uploads/2020/10/Marche1_1914-18-Genève-place-Sturm-chantier-1536x1095.jpg 1536w, https://archives.adc-geneve.ch/2021/wp-content/uploads/2020/10/Marche1_1914-18-Genève-place-Sturm-chantier-1320x941.jpg 1320w, https://archives.adc-geneve.ch/2021/wp-content/uploads/2020/10/Marche1_1914-18-Genève-place-Sturm-chantier.jpg 1540w" sizes="(max-width: 1024px) 100vw, 1024px" /><figcaption class="blocks-gallery-item__caption">1914-18, Genève, Place Sturm, chantier</figcaption></figure></li><li class="blocks-gallery-item"><figure><img loading="lazy" width="1024" height="654" src="https://archives.adc-geneve.ch/2021/wp-content/uploads/2020/09/pavillon-ADC-carte-1024x654.jpg" alt="" data-id="14969" data-full-url="https://archives.adc-geneve.ch/2021/wp-content/uploads/2020/09/pavillon-ADC-carte-scaled.jpg" data-link="https://archives.adc-geneve.ch/2021/pavillon-adc-carte/" class="wp-image-14969" srcset="https://archives.adc-geneve.ch/2021/wp-content/uploads/2020/09/pavillon-ADC-carte-1024x654.jpg 1024w, https://archives.adc-geneve.ch/2021/wp-content/uploads/2020/09/pavillon-ADC-carte-300x192.jpg 300w, https://archives.adc-geneve.ch/2021/wp-content/uploads/2020/09/pavillon-ADC-carte-768x491.jpg 768w, https://archives.adc-geneve.ch/2021/wp-content/uploads/2020/09/pavillon-ADC-carte-1536x982.jpg 1536w, https://archives.adc-geneve.ch/2021/wp-content/uploads/2020/09/pavillon-ADC-carte-2048x1309.jpg 2048w, https://archives.adc-geneve.ch/2021/wp-content/uploads/2020/09/pavillon-ADC-carte-1320x844.jpg 1320w" sizes="(max-width: 1024px) 100vw, 1024px" /><figcaption class="blocks-gallery-item__caption">3e marche / Au coeur de la ville © Olga Kokcharova</figcaption></figure></li></ul></figure>



<p></p>
</div>
</div>



<div class="wp-container-69f2a23a8f018 wp-block-group"><div class="wp-block-group__inner-container">
<figure class="wp-block-gallery aligncenter columns-0 is-cropped"><ul class="blocks-gallery-grid"></ul></figure>
</div></div>
