{"id":742,"date":"2017-08-23T00:51:33","date_gmt":"2017-08-22T22:51:33","guid":{"rendered":"https:\/\/pavillon-adc.ch\/wp\/?page_id=742"},"modified":"2021-05-30T10:19:10","modified_gmt":"2021-05-30T08:19:10","slug":"pavillon-de-la-danse","status":"publish","type":"page","link":"https:\/\/archives.adc-geneve.ch\/2021\/pavillon-de-la-danse\/","title":{"rendered":"Le Pavillon de la danse"},"content":{"rendered":"\n<div class=\"wp-container-69e099ddb173e wp-block-columns\">\n<div class=\"wp-block-column\">\n<h1>Le Pavillon <\/h1>\n\n\n\n<h3><\/h3>\n\n\n\n<p>Le Pavillon de la danse &#8211; premi\u00e8re salle d\u00e9di\u00e9e uniquement\u00a0\u00e0 la danse \u00e0 Gen\u00e8ve<br><br>_La remise des cl\u00e9s officielle a eu lieu le 16 octobre.<br>_Le d\u00e9m\u00e9nagement de l&#8217;ADC a commenc\u00e9 \u00e0 la mi-f\u00e9vrier et l&#8217;\u00e9quipe de l&#8217;ADC est d\u00e9sormais install\u00e9e dans ses nouveaux bureaux<br>_L&#8217;ouverture publique :  nous r\u00eavions de vous accueillir le 24 mars au Pavillon avec<em> infini <\/em>de Boris Charmatz, malheureusement cela n&#8217;a pas \u00e9t\u00e9 possible.  <br>_Suite \u00e0 l\u2019annonce du Conseil f\u00e9d\u00e9ral du 26 mai, l\u2019ouverture des th\u00e9\u00e2tres est \u00e0 nouveau possible sous certaines conditions (jauge limit\u00e9e \u00e0 la moiti\u00e9 et max 100 personnes, port du masque obligatoire, maintien de la distance de 1,5 m\u00e8tres entre les personnes). <\/p>\n\n\n\n<p><br>Notre adresse : <br>Pavillon ADC, Place Sturm 1, 1206 Gen\u00e8ve<br><a href=\"https:\/\/archives.adc-geneve.ch\/2021\/contacts-et-infos-pratiques\/\">Acc\u00e8s et contacts<\/a><\/p>\n\n\n\n<div style=\"height:24px\" aria-hidden=\"true\" class=\"wp-block-spacer\"><\/div>\n\n\n\n<h5><a href=\"https:\/\/archives.adc-geneve.ch\/2021\/pavillon-de-la-danse\/les-medias-du-pavillon-adc\/\">D\u00e9couvrez le chantier en images et vid\u00e9os<\/a><\/h5>\n\n\n\n<figure class=\"wp-block-image size-large\"><a href=\"https:\/\/archives.adc-geneve.ch\/2021\/pavillon-de-la-danse\/les-medias-du-pavillon-adc\/\"><img loading=\"lazy\" width=\"1024\" height=\"161\" src=\"https:\/\/archives.adc-geneve.ch\/2021\/wp-content\/uploads\/2021\/03\/PADC_LIV-BAT-1024x161.png\" alt=\"\" class=\"wp-image-17193\" srcset=\"https:\/\/archives.adc-geneve.ch\/2021\/wp-content\/uploads\/2021\/03\/PADC_LIV-BAT-1024x161.png 1024w, https:\/\/archives.adc-geneve.ch\/2021\/wp-content\/uploads\/2021\/03\/PADC_LIV-BAT-300x47.png 300w, https:\/\/archives.adc-geneve.ch\/2021\/wp-content\/uploads\/2021\/03\/PADC_LIV-BAT-768x121.png 768w, https:\/\/archives.adc-geneve.ch\/2021\/wp-content\/uploads\/2021\/03\/PADC_LIV-BAT-1536x241.png 1536w, https:\/\/archives.adc-geneve.ch\/2021\/wp-content\/uploads\/2021\/03\/PADC_LIV-BAT-1320x207.png 1320w, https:\/\/archives.adc-geneve.ch\/2021\/wp-content\/uploads\/2021\/03\/PADC_LIV-BAT.png 1604w\" sizes=\"(max-width: 1024px) 100vw, 1024px\" \/><\/a><\/figure>\n\n\n\n<div style=\"height:5px\" aria-hidden=\"true\" class=\"wp-block-spacer\"><\/div>\n\n\n\n<figure class=\"wp-block-image size-large\"><a href=\"https:\/\/archives.adc-geneve.ch\/2021\/pavillon-de-la-danse\/les-medias-du-pavillon-adc\/\"><img loading=\"lazy\" width=\"1024\" height=\"161\" src=\"https:\/\/archives.adc-geneve.ch\/2021\/wp-content\/uploads\/2020\/12\/le-pavillon-ouverture-mars-2021-1024x161.png\" alt=\"Le Pavillon - Ouverture mars 2021\" class=\"wp-image-16279\" srcset=\"https:\/\/archives.adc-geneve.ch\/2021\/wp-content\/uploads\/2020\/12\/le-pavillon-ouverture-mars-2021-1024x161.png 1024w, https:\/\/archives.adc-geneve.ch\/2021\/wp-content\/uploads\/2020\/12\/le-pavillon-ouverture-mars-2021-300x47.png 300w, https:\/\/archives.adc-geneve.ch\/2021\/wp-content\/uploads\/2020\/12\/le-pavillon-ouverture-mars-2021-768x121.png 768w, https:\/\/archives.adc-geneve.ch\/2021\/wp-content\/uploads\/2020\/12\/le-pavillon-ouverture-mars-2021-1536x241.png 1536w, https:\/\/archives.adc-geneve.ch\/2021\/wp-content\/uploads\/2020\/12\/le-pavillon-ouverture-mars-2021-1320x207.png 1320w, https:\/\/archives.adc-geneve.ch\/2021\/wp-content\/uploads\/2020\/12\/le-pavillon-ouverture-mars-2021.png 1604w\" sizes=\"(max-width: 1024px) 100vw, 1024px\" \/><\/a><\/figure>\n\n\n\n<div style=\"height:20px\" aria-hidden=\"true\" class=\"wp-block-spacer\"><\/div>\n\n\n<section data-block_5ee239019184d class=\"c-block c-block-page-list page-list align\">\n  <div class=\"flex flex-col\">\n                                          <a href=\"https:\/\/archives.adc-geneve.ch\/2021\/pavillon-de-la-danse\/10-dates-cles\/\" class=\"border-b border-black w-full flex flex-wrap b-acc__button\">\n    <span class=\"b-acc__titre\">\n      12 dates cl\u00e9s<i><\/i> \n    <\/span>\n<\/a>                            <a href=\"https:\/\/archives.adc-geneve.ch\/2021\/pavillon-de-la-danse\/1997-2006-une-maison-de-la-danse\/\" class=\"border-b border-black w-full flex flex-wrap b-acc__button\">\n    <span class=\"b-acc__titre\">\n      1997 \u2013 2019 : chronique d&#8217;un projet<i><\/i> \n    <\/span>\n<\/a>                            <a href=\"https:\/\/archives.adc-geneve.ch\/2021\/pavillon-de-la-danse\/historique\/\" class=\"border-b border-black w-full flex flex-wrap b-acc__button\">\n    <span class=\"b-acc__titre\">\n      Le projet<i><\/i> \n    <\/span>\n<\/a>                        <\/div>\n<\/section>\n\n<div data-block_5fda11185f351 class=\"c-block c-block-acc has_color b-accordeon-donnees-techniques b-accordeon accordion align\">\n  <button id=\"accordeon-block_5fda11185f351\" class=\"b-acc__button js-accordeon-button\" >\n    <span class=\"b-acc__titre\">Donn\u00e9es techniques<i><\/i><\/span>\n  <\/button>\n  <div class=\"b-acc__panel\">\n      <p><span style=\"color: #000000; white-space: pre-wrap;\">_longueur : 51 m<\/span><br style=\"box-sizing: inherit; color: #000000; white-space: pre-wrap;\" data-rich-text-line-break=\"true\" \/><span style=\"color: #000000; white-space: pre-wrap;\">_largeur : 18 m<\/span><br style=\"box-sizing: inherit; color: #000000; white-space: pre-wrap;\" data-rich-text-line-break=\"true\" \/><span style=\"color: #000000; white-space: pre-wrap;\">_hauteur : 10 m (faite 12m)<\/span><br style=\"box-sizing: inherit; color: #000000; white-space: pre-wrap;\" data-rich-text-line-break=\"true\" \/><span style=\"color: #000000; white-space: pre-wrap;\">_surface brute de plancher 1\u2019633 m2<\/span><br style=\"box-sizing: inherit; color: #000000; white-space: pre-wrap;\" data-rich-text-line-break=\"true\" \/><span style=\"color: #000000; white-space: pre-wrap;\">_surface utile 1196 m2<\/span><br style=\"box-sizing: inherit; color: #000000; white-space: pre-wrap;\" data-rich-text-line-break=\"true\" \/><span style=\"color: #000000; white-space: pre-wrap;\">_cube SIA 9500 m3<\/span><br style=\"box-sizing: inherit; color: #000000; white-space: pre-wrap;\" data-rich-text-line-break=\"true\" \/><span style=\"color: #000000; white-space: pre-wrap;\">_salle: 407 m2<\/span><br style=\"box-sizing: inherit; color: #000000; white-space: pre-wrap;\" data-rich-text-line-break=\"true\" \/><span style=\"color: #000000; white-space: pre-wrap;\">_largeur de la sc\u00e8ne mur \u00e0 mur : 17 m<\/span><br style=\"box-sizing: inherit; color: #000000; white-space: pre-wrap;\" data-rich-text-line-break=\"true\" \/><span style=\"color: #000000; white-space: pre-wrap;\">_aire de jeu: 12m x 12m<\/span><br style=\"box-sizing: inherit; color: #000000; white-space: pre-wrap;\" data-rich-text-line-break=\"true\" \/><span style=\"color: #000000; white-space: pre-wrap;\">_hauteur sous grill: 9 m<\/span><br style=\"box-sizing: inherit; color: #000000; white-space: pre-wrap;\" data-rich-text-line-break=\"true\" \/><span style=\"color: #000000; white-space: pre-wrap;\">_capacit\u00e9 de la salle de spectacle : 200 personnes assises (400 sans les gradins)<\/span><\/p>\n\n  <\/div>\n<\/div>\n<\/div>\n\n\n\n<div class=\"wp-block-column\">\n<figure class=\"wp-block-gallery columns-0 is-cropped\"><ul class=\"blocks-gallery-grid\"><li class=\"blocks-gallery-item\"><figure><a href=\"https:\/\/archives.adc-geneve.ch\/2021\/wp-content\/uploads\/2021\/04\/le-pavillon-de-la-danse-19.jpg\" data-rel=\"lightbox-gallery-nrJHYI4J\" data-rl_title=\"Le Pavillon de la danse 20\" data-rl_caption=\"\" title=\"Le Pavillon de la danse 20\"><img loading=\"lazy\" width=\"1024\" height=\"576\" src=\"https:\/\/archives.adc-geneve.ch\/2021\/wp-content\/uploads\/2021\/04\/le-pavillon-de-la-danse-19-1024x576.jpg\" alt=\"Le Pavillon de la danse 20\" data-id=\"17446\" data-full-url=\"https:\/\/archives.adc-geneve.ch\/2021\/wp-content\/uploads\/2021\/04\/le-pavillon-de-la-danse-19.jpg\" data-link=\"https:\/\/archives.adc-geneve.ch\/2021\/pavillon-de-la-danse\/le-pavillon-de-la-danse-19\/\" class=\"wp-image-17446\" srcset=\"https:\/\/archives.adc-geneve.ch\/2021\/wp-content\/uploads\/2021\/04\/le-pavillon-de-la-danse-19-1024x576.jpg 1024w, https:\/\/archives.adc-geneve.ch\/2021\/wp-content\/uploads\/2021\/04\/le-pavillon-de-la-danse-19-300x169.jpg 300w, https:\/\/archives.adc-geneve.ch\/2021\/wp-content\/uploads\/2021\/04\/le-pavillon-de-la-danse-19-768x432.jpg 768w, https:\/\/archives.adc-geneve.ch\/2021\/wp-content\/uploads\/2021\/04\/le-pavillon-de-la-danse-19-1536x864.jpg 1536w, https:\/\/archives.adc-geneve.ch\/2021\/wp-content\/uploads\/2021\/04\/le-pavillon-de-la-danse-19-1320x743.jpg 1320w, https:\/\/archives.adc-geneve.ch\/2021\/wp-content\/uploads\/2021\/04\/le-pavillon-de-la-danse-19-1280x720.jpg 1280w, https:\/\/archives.adc-geneve.ch\/2021\/wp-content\/uploads\/2021\/04\/le-pavillon-de-la-danse-19.jpg 1920w\" sizes=\"(max-width: 1024px) 100vw, 1024px\" \/><\/a><\/figure><\/li><\/ul><\/figure>\n\n\n\n<figure class=\"wp-block-embed is-type-video is-provider-vimeo wp-block-embed-vimeo wp-embed-aspect-16-9 wp-has-aspect-ratio\"><div class=\"wp-block-embed__wrapper\">\n<iframe loading=\"lazy\" title=\"Pavillon ADC - nouveau logo\" src=\"https:\/\/player.vimeo.com\/video\/531858403?dnt=1&amp;app_id=122963\" width=\"500\" height=\"281\" frameborder=\"0\" allow=\"autoplay; fullscreen; picture-in-picture\" allowfullscreen><\/iframe>\n<\/div><\/figure>\n\n\n\n<figure class=\"wp-block-gallery columns-0 is-cropped\"><ul class=\"blocks-gallery-grid\"><\/ul><\/figure>\n\n\n\n<figure class=\"wp-block-embed is-type-video is-provider-vimeo wp-block-embed-vimeo wp-embed-aspect-16-9 wp-has-aspect-ratio\"><div class=\"wp-block-embed__wrapper\">\n<iframe loading=\"lazy\" title=\"La Ville de Gen&amp;egrave;ve r&amp;eacute;alise le Pavillon de la Danse\" src=\"https:\/\/player.vimeo.com\/video\/468108412?dnt=1&amp;app_id=122963\" width=\"500\" height=\"281\" frameborder=\"0\" allow=\"autoplay; fullscreen; picture-in-picture\" allowfullscreen><\/iframe>\n<\/div><\/figure>\n\n\n\n<figure class=\"wp-block-embed alignwide is-type-video is-provider-vimeo wp-block-embed-vimeo\"><div class=\"wp-block-embed__wrapper\">\n<iframe loading=\"lazy\" title=\"Pavillon ADC - timelapse\" src=\"https:\/\/player.vimeo.com\/video\/395971614?dnt=1&amp;app_id=122963\" width=\"500\" height=\"338\" frameborder=\"0\" allow=\"autoplay; fullscreen; picture-in-picture\" allowfullscreen><\/iframe>\n<\/div><figcaption>Timelaps \/ construction du Pavillon<\/figcaption><\/figure>\n<\/div>\n<\/div>\n\n\n\n<p><\/p>\n","protected":false},"excerpt":{"rendered":"<p>Le Pavillon Le Pavillon de la danse &#8211; premi\u00e8re salle d\u00e9di\u00e9e uniquement\u00a0\u00e0 la danse \u00e0 Gen\u00e8ve _La remise des cl\u00e9s officielle a eu lieu le 16 octobre._Le d\u00e9m\u00e9nagement de l&#8217;ADC a commenc\u00e9 \u00e0 la mi-f\u00e9vrier et l&#8217;\u00e9quipe de l&#8217;ADC est d\u00e9sormais install\u00e9e dans ses nouveaux bureaux_L&#8217;ouverture publique : nous r\u00eavions de vous accueillir le 24 &hellip; <a href=\"https:\/\/archives.adc-geneve.ch\/2021\/pavillon-de-la-danse\/\">Continued<\/a><\/p>\n","protected":false},"author":2,"featured_media":17446,"parent":0,"menu_order":0,"comment_status":"closed","ping_status":"closed","template":"","meta":[],"_links":{"self":[{"href":"https:\/\/archives.adc-geneve.ch\/2021\/wp-json\/wp\/v2\/pages\/742"}],"collection":[{"href":"https:\/\/archives.adc-geneve.ch\/2021\/wp-json\/wp\/v2\/pages"}],"about":[{"href":"https:\/\/archives.adc-geneve.ch\/2021\/wp-json\/wp\/v2\/types\/page"}],"author":[{"embeddable":true,"href":"https:\/\/archives.adc-geneve.ch\/2021\/wp-json\/wp\/v2\/users\/2"}],"replies":[{"embeddable":true,"href":"https:\/\/archives.adc-geneve.ch\/2021\/wp-json\/wp\/v2\/comments?post=742"}],"version-history":[{"count":47,"href":"https:\/\/archives.adc-geneve.ch\/2021\/wp-json\/wp\/v2\/pages\/742\/revisions"}],"predecessor-version":[{"id":17914,"href":"https:\/\/archives.adc-geneve.ch\/2021\/wp-json\/wp\/v2\/pages\/742\/revisions\/17914"}],"wp:featuredmedia":[{"embeddable":true,"href":"https:\/\/archives.adc-geneve.ch\/2021\/wp-json\/wp\/v2\/media\/17446"}],"wp:attachment":[{"href":"https:\/\/archives.adc-geneve.ch\/2021\/wp-json\/wp\/v2\/media?parent=742"}],"curies":[{"name":"wp","href":"https:\/\/api.w.org\/{rel}","templated":true}]}}