{"id":4285,"date":"2018-09-20T10:13:07","date_gmt":"2018-09-20T08:13:07","guid":{"rendered":"https:\/\/pavillon-adc.ch\/?page_id=4285"},"modified":"2020-12-16T12:13:22","modified_gmt":"2020-12-16T11:13:22","slug":"radio","status":"publish","type":"page","link":"https:\/\/archives.adc-geneve.ch\/2021\/radio\/","title":{"rendered":"Radio STATION DEBOUT \u2014 cinq \u00e9missions en d\u00e9cembre \u2014 Passons! ce que le virus fait aux arts vivants \u2014 Laurent Pichaud, Fr\u00e9d\u00e9ric Plazy \/ Laurence Perez, Yan Duyvendak \/ Matthieu Jaccard, Nathalie Tacchella \/ Prisca Harsch, Maud Blandel \/ Alexandre Demidoff, Luca Pattaroni"},"content":{"rendered":"\n<p><\/p>\n\n\n\n<div class=\"wp-container-69e9a8969c601 wp-block-columns\">\n<div class=\"wp-block-column\">\n<h1>Radio STATION DEBOUT<\/h1>\n\n\n\n<div style=\"height:40px\" aria-hidden=\"true\" class=\"wp-block-spacer\"><\/div>\n\n\n\n<p>STATION DEBOUT est une radio de danse de la Cie Greffe et de l&#8217;ADC. <br>Conception et programmation: Anne Davier et Mich\u00e8le Pralong; animation: Mich\u00e8le Pralong. <\/p>\n\n\n\n<p>Th\u00e9matique de l&#8217;automne 2020 :<br><strong>Passons ! Ce que le virus fait aux arts vivants<\/strong><\/p>\n\n\n\n<div style=\"height:11px\" aria-hidden=\"true\" class=\"wp-block-spacer\"><\/div>\n\n\n\n<p><a href=\"https:\/\/archives.adc-geneve.ch\/2021\/emissions-saison-20-21-thematique-passons\/\">Cinq \u00e9missions enregistr\u00e9es en novembre<\/a> avec dix invit\u00e9.es et Mich\u00e8le Pralong<\/p>\n\n\n\n<p><br>1. <strong>Fr\u00e9d\u00e9ric\u00a0Plazy<\/strong> et <strong>Laurent Pichaud<\/strong> (24 nov.)<\/p>\n\n\n\n<iframe loading=\"lazy\" width=\"60%\" height=\"60\" src=\"https:\/\/www.mixcloud.com\/widget\/iframe\/?hide_cover=1&#038;mini=1&#038;light=1&#038;feed=%2FRadioVostok%2Fstation-debout-s03-1-avec-fr%C3%A9d%C3%A9ric-plazy-laurent-pichaud%2F\" frameborder=\"0\" ><\/iframe>\n\n\n\n<div style=\"height:20px\" aria-hidden=\"true\" class=\"wp-block-spacer\"><\/div>\n\n\n\n<p>2. <strong>Laurence Perez<\/strong> et <strong>Yan Duyvendak<\/strong> (25 nov.)<\/p>\n\n\n\n<iframe loading=\"lazy\" width=\"60%\" height=\"60\" src=\"https:\/\/www.mixcloud.com\/widget\/iframe\/?hide_cover=1&#038;mini=1&#038;light=1&#038;feed=%2FRadioVostok%2Fstation-debout-s03-2-avec-laurence-perez-yan-duyvendak%2F\" frameborder=\"0\" ><\/iframe>\n\n\n\n<div style=\"height:20px\" aria-hidden=\"true\" class=\"wp-block-spacer\"><\/div>\n\n\n\n<p>3. <strong>Matthieu Jaccard <\/strong>et <strong>Nathalie Tacchella<\/strong> (25 nov.)<\/p>\n\n\n\n<iframe loading=\"lazy\" width=\"60%\" height=\"60\" src=\"https:\/\/www.mixcloud.com\/widget\/iframe\/?hide_cover=1&#038;mini=1&#038;light=1&#038;feed=%2FRadioVostok%2Fstation-debout-s03-3-avec-n-tacchella-m-jaccard%2F\" frameborder=\"0\" ><\/iframe>\n\n\n\n<div style=\"height:20px\" aria-hidden=\"true\" class=\"wp-block-spacer\"><\/div>\n\n\n\n<p>4. <strong>Prisca Harsch<\/strong> et <strong>Maud Blandel<\/strong> (26 nov.)<\/p>\n\n\n\n<iframe loading=\"lazy\" width=\"60%\" height=\"60\" src=\"https:\/\/www.mixcloud.com\/widget\/iframe\/?hide_cover=1&#038;mini=1&#038;light=1&#038;feed=%2FRadioVostok%2Fstation-debout-s03-4-avec-prisca-harsch-maud-blandel%2F\" frameborder=\"0\" ><\/iframe>\n\n\n\n<div style=\"height:20px\" aria-hidden=\"true\" class=\"wp-block-spacer\"><\/div>\n\n\n\n<p>5. <strong>Alexandre Demidoff<\/strong> et <strong>Luca Pattaroni<\/strong> (26 nov.)<\/p>\n\n\n\n<iframe loading=\"lazy\" width=\"60%\" height=\"60\" src=\"https:\/\/www.mixcloud.com\/widget\/iframe\/?hide_cover=1&#038;mini=1&#038;light=1&#038;feed=%2FRadioVostok%2Fstation-debout-s03-5-avec-a-demidoff-l-pattaroni%2F\" frameborder=\"0\" ><\/iframe>\n\n\n\n<div style=\"height:29px\" aria-hidden=\"true\" class=\"wp-block-spacer\"><\/div>\n\n\n\n<p>Nous avons \u00e9t\u00e9 confin\u00e9es-d\u00e9confin\u00e9es-semireconfin\u00e9es.<br>Masqu\u00e9es-d\u00e9masqu\u00e9es-remasqu\u00e9es. Enjointes-somm\u00e9es-conseill\u00e9es.<br>Toutes et tous. Partout.<br>Du c\u00f4t\u00e9 de la sc\u00e8ne, \u00e9minent art de l\u2019assembl\u00e9e, la distanciation sociale met tout \u00e0 trac. On l\u00e2che. On l\u00e2che pas. On compte on recompte. Le public. Les \u00e9quipes de cr\u00e9ation. On mesure en m\u00e8tres carr\u00e9s. Les sc\u00e8nes. Les salles. Les studios de r\u00e9p\u00e9titions. On lit on relit on re-relit les ordonnances.<br>Il faut traverser. Il faut passer. <em>Passons !<\/em><br>On h\u00e9site \u00e0 toute vitesse. On d\u00e9fait ce qu\u2019on a fait et qu\u2019on refera avant de re-d\u00e9faire. On se dit qu\u2019il faudrait simplement arr\u00eater. Peut-\u00eatre. Mais quand m\u00eame peut-\u00eatre pas. On fait des erreurs. <em>Passons !<\/em> On fait ce qu\u2019on n\u2019aurait jamais voulu faire. <em>Passons !<\/em> <br>mp<\/p>\n\n\n\n<div style=\"height:19px\" aria-hidden=\"true\" class=\"wp-block-spacer\"><\/div>\n\n\n\n<p>STATION DEBOUT, radio de danse cr\u00e9\u00e9e en 2018, compte \u00e0 ce jour 16 \u00e9missions enregistr\u00e9es en public sur le plateau de l\u2019ADC. Les \u00e9missions sont disponibles \u00e0 l&#8217;\u00e9coute sur notre site ainsi que sur le media ind\u00e9pendant genevois <a rel=\"noreferrer noopener\" href=\"https:\/\/radiovostok.ch\/?s=station+debout\" target=\"_blank\">Radio Vostok<\/a> et sur la web radio fran\u00e7aise artistique <a rel=\"noreferrer noopener\" href=\"https:\/\/www.duuuradio.fr\/\" target=\"_blank\">*DUUU<\/a>, partenaires actifs du projet.<br>STATION DEBOUT est con\u00e7u en articulation avec le <a href=\"https:\/\/archives.adc-geneve.ch\/2021\/journal\/\">Journal de l\u2019ADC<\/a>.<\/p>\n<\/div>\n\n\n\n<div class=\"wp-block-column\">\n<div style=\"height:20px\" aria-hidden=\"true\" class=\"wp-block-spacer\"><\/div>\n\n\n\n<figure class=\"wp-block-image size-large\"><img loading=\"lazy\" width=\"900\" height=\"475\" src=\"https:\/\/archives.adc-geneve.ch\/2021\/wp-content\/uploads\/2019\/06\/station-debout.jpg\" alt=\"STATION DEBOUT 1\" class=\"wp-image-6473\" srcset=\"https:\/\/archives.adc-geneve.ch\/2021\/wp-content\/uploads\/2019\/06\/station-debout.jpg 900w, https:\/\/archives.adc-geneve.ch\/2021\/wp-content\/uploads\/2019\/06\/station-debout-300x158.jpg 300w, https:\/\/archives.adc-geneve.ch\/2021\/wp-content\/uploads\/2019\/06\/station-debout-768x405.jpg 768w, https:\/\/archives.adc-geneve.ch\/2021\/wp-content\/uploads\/2019\/06\/station-debout-120x63.jpg 120w\" sizes=\"(max-width: 900px) 100vw, 900px\" \/><\/figure>\n\n\n\n<div style=\"height:40px\" aria-hidden=\"true\" class=\"wp-block-spacer\"><\/div>\n\n\n\n<figure class=\"wp-block-gallery columns-2 is-cropped\"><ul class=\"blocks-gallery-grid\"><li class=\"blocks-gallery-item\"><figure><img loading=\"lazy\" width=\"1024\" height=\"479\" src=\"https:\/\/archives.adc-geneve.ch\/2021\/wp-content\/uploads\/2020\/12\/radio-station-debout-cinq-emissions-en-decembre-passons-ce-que-le-virus-fait-aux-arts-vivants-laurent-pichaud-frederic-plazy-laurence-perez-yan-duyvendak-matthieu-1024x479.jpg\" alt=\"Radio STATION DEBOUT \u2014 cinq \u00e9missions en d\u00e9cembre \u2014 Passons! ce que le virus fait aux arts vivants \u2014 Laurent Pichaud, Fr\u00e9d\u00e9ric Plazy \/ Laurence Perez, Yan Duyvendak \/ Matthieu Jaccard, Nathalie Tacchella \/ Prisca Harsch, Maud Blandel \/ Alexandre Demidoff, Luca Pattaroni\" data-id=\"15885\" data-full-url=\"https:\/\/archives.adc-geneve.ch\/2021\/wp-content\/uploads\/2020\/12\/radio-station-debout-cinq-emissions-en-decembre-passons-ce-que-le-virus-fait-aux-arts-vivants-laurent-pichaud-frederic-plazy-laurence-perez-yan-duyvendak-matthieu-scaled.jpg\" data-link=\"https:\/\/archives.adc-geneve.ch\/2021\/radio\/radio-station-debout-cinq-emissions-en-decembre-passons-ce-que-le-virus-fait-aux-arts-vivants-laurent-pichaud-frederic-plazy-laurence-perez-yan-duyvendak-matthieu\/\" class=\"wp-image-15885\" srcset=\"https:\/\/archives.adc-geneve.ch\/2021\/wp-content\/uploads\/2020\/12\/radio-station-debout-cinq-emissions-en-decembre-passons-ce-que-le-virus-fait-aux-arts-vivants-laurent-pichaud-frederic-plazy-laurence-perez-yan-duyvendak-matthieu-1024x479.jpg 1024w, https:\/\/archives.adc-geneve.ch\/2021\/wp-content\/uploads\/2020\/12\/radio-station-debout-cinq-emissions-en-decembre-passons-ce-que-le-virus-fait-aux-arts-vivants-laurent-pichaud-frederic-plazy-laurence-perez-yan-duyvendak-matthieu-300x140.jpg 300w, https:\/\/archives.adc-geneve.ch\/2021\/wp-content\/uploads\/2020\/12\/radio-station-debout-cinq-emissions-en-decembre-passons-ce-que-le-virus-fait-aux-arts-vivants-laurent-pichaud-frederic-plazy-laurence-perez-yan-duyvendak-matthieu-768x359.jpg 768w, https:\/\/archives.adc-geneve.ch\/2021\/wp-content\/uploads\/2020\/12\/radio-station-debout-cinq-emissions-en-decembre-passons-ce-que-le-virus-fait-aux-arts-vivants-laurent-pichaud-frederic-plazy-laurence-perez-yan-duyvendak-matthieu-1536x719.jpg 1536w, https:\/\/archives.adc-geneve.ch\/2021\/wp-content\/uploads\/2020\/12\/radio-station-debout-cinq-emissions-en-decembre-passons-ce-que-le-virus-fait-aux-arts-vivants-laurent-pichaud-frederic-plazy-laurence-perez-yan-duyvendak-matthieu-2048x958.jpg 2048w, https:\/\/archives.adc-geneve.ch\/2021\/wp-content\/uploads\/2020\/12\/radio-station-debout-cinq-emissions-en-decembre-passons-ce-que-le-virus-fait-aux-arts-vivants-laurent-pichaud-frederic-plazy-laurence-perez-yan-duyvendak-matthieu-1320x618.jpg 1320w\" sizes=\"(max-width: 1024px) 100vw, 1024px\" \/><figcaption class=\"blocks-gallery-item__caption\">Laurent Pichaud, Mich\u00e8le Pralong, Fr\u00e9d\u00e9ric Plazy <\/figcaption><\/figure><\/li><li class=\"blocks-gallery-item\"><figure><img loading=\"lazy\" width=\"1024\" height=\"479\" src=\"https:\/\/archives.adc-geneve.ch\/2021\/wp-content\/uploads\/2020\/12\/Pralong_Perez_Duyvendak-1024x479.jpg\" alt=\"\" data-id=\"15884\" data-full-url=\"https:\/\/archives.adc-geneve.ch\/2021\/wp-content\/uploads\/2020\/12\/Pralong_Perez_Duyvendak-scaled.jpg\" data-link=\"https:\/\/archives.adc-geneve.ch\/2021\/pralong_perez_duyvendak\/\" class=\"wp-image-15884\" srcset=\"https:\/\/archives.adc-geneve.ch\/2021\/wp-content\/uploads\/2020\/12\/Pralong_Perez_Duyvendak-1024x479.jpg 1024w, https:\/\/archives.adc-geneve.ch\/2021\/wp-content\/uploads\/2020\/12\/Pralong_Perez_Duyvendak-300x140.jpg 300w, https:\/\/archives.adc-geneve.ch\/2021\/wp-content\/uploads\/2020\/12\/Pralong_Perez_Duyvendak-768x359.jpg 768w, https:\/\/archives.adc-geneve.ch\/2021\/wp-content\/uploads\/2020\/12\/Pralong_Perez_Duyvendak-1536x719.jpg 1536w, https:\/\/archives.adc-geneve.ch\/2021\/wp-content\/uploads\/2020\/12\/Pralong_Perez_Duyvendak-2048x958.jpg 2048w, https:\/\/archives.adc-geneve.ch\/2021\/wp-content\/uploads\/2020\/12\/Pralong_Perez_Duyvendak-1320x618.jpg 1320w\" sizes=\"(max-width: 1024px) 100vw, 1024px\" \/><figcaption class=\"blocks-gallery-item__caption\">Mich\u00e8le Pralong, Laurence Perez, Yan Duyvendak<\/figcaption><\/figure><\/li><\/ul><\/figure>\n\n\n\n<figure class=\"wp-block-gallery columns-2 is-cropped\"><ul class=\"blocks-gallery-grid\"><li class=\"blocks-gallery-item\"><figure><img loading=\"lazy\" width=\"1024\" height=\"479\" src=\"https:\/\/archives.adc-geneve.ch\/2021\/wp-content\/uploads\/2020\/12\/Pralong_Jaccard_Tacchella-1024x479.jpg\" alt=\"\" data-id=\"15883\" data-full-url=\"https:\/\/archives.adc-geneve.ch\/2021\/wp-content\/uploads\/2020\/12\/Pralong_Jaccard_Tacchella-scaled.jpg\" data-link=\"https:\/\/archives.adc-geneve.ch\/2021\/pralong_jaccard_tacchella\/\" class=\"wp-image-15883\" srcset=\"https:\/\/archives.adc-geneve.ch\/2021\/wp-content\/uploads\/2020\/12\/Pralong_Jaccard_Tacchella-1024x479.jpg 1024w, https:\/\/archives.adc-geneve.ch\/2021\/wp-content\/uploads\/2020\/12\/Pralong_Jaccard_Tacchella-300x140.jpg 300w, https:\/\/archives.adc-geneve.ch\/2021\/wp-content\/uploads\/2020\/12\/Pralong_Jaccard_Tacchella-768x359.jpg 768w, https:\/\/archives.adc-geneve.ch\/2021\/wp-content\/uploads\/2020\/12\/Pralong_Jaccard_Tacchella-1536x719.jpg 1536w, https:\/\/archives.adc-geneve.ch\/2021\/wp-content\/uploads\/2020\/12\/Pralong_Jaccard_Tacchella-2048x958.jpg 2048w, https:\/\/archives.adc-geneve.ch\/2021\/wp-content\/uploads\/2020\/12\/Pralong_Jaccard_Tacchella-1320x618.jpg 1320w\" sizes=\"(max-width: 1024px) 100vw, 1024px\" \/><figcaption class=\"blocks-gallery-item__caption\">Matthieu Jaccard, Mich\u00e8le Pralong, Nathalie Tacchella<\/figcaption><\/figure><\/li><li class=\"blocks-gallery-item\"><figure><img loading=\"lazy\" width=\"1024\" height=\"479\" src=\"https:\/\/archives.adc-geneve.ch\/2021\/wp-content\/uploads\/2020\/11\/Pralong_Harsch_Blandel-1-1024x479.jpg\" alt=\"\" data-id=\"15792\" data-full-url=\"https:\/\/archives.adc-geneve.ch\/2021\/wp-content\/uploads\/2020\/11\/Pralong_Harsch_Blandel-1-scaled.jpg\" data-link=\"https:\/\/archives.adc-geneve.ch\/2021\/pralong_harsch_blandel-2\/\" class=\"wp-image-15792\" srcset=\"https:\/\/archives.adc-geneve.ch\/2021\/wp-content\/uploads\/2020\/11\/Pralong_Harsch_Blandel-1-1024x479.jpg 1024w, https:\/\/archives.adc-geneve.ch\/2021\/wp-content\/uploads\/2020\/11\/Pralong_Harsch_Blandel-1-300x140.jpg 300w, https:\/\/archives.adc-geneve.ch\/2021\/wp-content\/uploads\/2020\/11\/Pralong_Harsch_Blandel-1-768x359.jpg 768w, https:\/\/archives.adc-geneve.ch\/2021\/wp-content\/uploads\/2020\/11\/Pralong_Harsch_Blandel-1-1536x719.jpg 1536w, https:\/\/archives.adc-geneve.ch\/2021\/wp-content\/uploads\/2020\/11\/Pralong_Harsch_Blandel-1-2048x958.jpg 2048w, https:\/\/archives.adc-geneve.ch\/2021\/wp-content\/uploads\/2020\/11\/Pralong_Harsch_Blandel-1-1320x618.jpg 1320w\" sizes=\"(max-width: 1024px) 100vw, 1024px\" \/><figcaption class=\"blocks-gallery-item__caption\">Mich\u00e8le Pralong, Prisca Harsch, Maud Blandel<\/figcaption><\/figure><\/li><\/ul><\/figure>\n\n\n\n<figure class=\"wp-block-gallery columns-2 is-cropped\"><ul class=\"blocks-gallery-grid\"><li class=\"blocks-gallery-item\"><figure><img loading=\"lazy\" width=\"1024\" height=\"479\" src=\"https:\/\/archives.adc-geneve.ch\/2021\/wp-content\/uploads\/2020\/11\/radio-station-debout-4-1024x479.jpg\" alt=\"Radio STATION DEBOUT 5\" data-id=\"15821\" data-link=\"https:\/\/archives.adc-geneve.ch\/2021\/radio\/radio-station-debout-4\/\" class=\"wp-image-15821\" srcset=\"https:\/\/archives.adc-geneve.ch\/2021\/wp-content\/uploads\/2020\/11\/radio-station-debout-4-1024x479.jpg 1024w, https:\/\/archives.adc-geneve.ch\/2021\/wp-content\/uploads\/2020\/11\/radio-station-debout-4-300x140.jpg 300w, https:\/\/archives.adc-geneve.ch\/2021\/wp-content\/uploads\/2020\/11\/radio-station-debout-4-768x359.jpg 768w, https:\/\/archives.adc-geneve.ch\/2021\/wp-content\/uploads\/2020\/11\/radio-station-debout-4-1536x719.jpg 1536w, https:\/\/archives.adc-geneve.ch\/2021\/wp-content\/uploads\/2020\/11\/radio-station-debout-4-2048x958.jpg 2048w, https:\/\/archives.adc-geneve.ch\/2021\/wp-content\/uploads\/2020\/11\/radio-station-debout-4-1320x618.jpg 1320w\" sizes=\"(max-width: 1024px) 100vw, 1024px\" \/><figcaption class=\"blocks-gallery-item__caption\">Alexandre Demidoff, Luca Pattaroni, Mich\u00e8le Pralong<\/figcaption><\/figure><\/li><li class=\"blocks-gallery-item\"><figure><img loading=\"lazy\" width=\"1024\" height=\"479\" src=\"https:\/\/archives.adc-geneve.ch\/2021\/wp-content\/uploads\/2020\/11\/Denis_Rollet_V2-1-1024x479.jpg\" alt=\"\" data-id=\"15826\" data-full-url=\"https:\/\/archives.adc-geneve.ch\/2021\/wp-content\/uploads\/2020\/11\/Denis_Rollet_V2-1-scaled.jpg\" data-link=\"https:\/\/archives.adc-geneve.ch\/2021\/radio\/denis_rollet_v2-1\/\" class=\"wp-image-15826\" srcset=\"https:\/\/archives.adc-geneve.ch\/2021\/wp-content\/uploads\/2020\/11\/Denis_Rollet_V2-1-1024x479.jpg 1024w, https:\/\/archives.adc-geneve.ch\/2021\/wp-content\/uploads\/2020\/11\/Denis_Rollet_V2-1-300x140.jpg 300w, https:\/\/archives.adc-geneve.ch\/2021\/wp-content\/uploads\/2020\/11\/Denis_Rollet_V2-1-768x359.jpg 768w, https:\/\/archives.adc-geneve.ch\/2021\/wp-content\/uploads\/2020\/11\/Denis_Rollet_V2-1-1536x719.jpg 1536w, https:\/\/archives.adc-geneve.ch\/2021\/wp-content\/uploads\/2020\/11\/Denis_Rollet_V2-1-2048x958.jpg 2048w, https:\/\/archives.adc-geneve.ch\/2021\/wp-content\/uploads\/2020\/11\/Denis_Rollet_V2-1-1320x618.jpg 1320w\" sizes=\"(max-width: 1024px) 100vw, 1024px\" \/><figcaption class=\"blocks-gallery-item__caption\">Denis Rollet, l&#8217;ing\u00e9nieur son<\/figcaption><\/figure><\/li><\/ul><\/figure>\n\n\n\n<p><strong>Ecouter les \u00e9missions des deux derni\u00e8res saisons<\/strong><\/p>\n\n\n<section data-block_5fb522afb2935 class=\"c-block c-block-page-list page-list align\">\n  <div class=\"flex flex-col\">\n                                          <a href=\"https:\/\/archives.adc-geneve.ch\/2021\/emissions-saison-18-19\/\" class=\"border-b border-black w-full flex flex-wrap b-acc__button\">\n    <span class=\"b-acc__titre\">\n      \u00c9missions saison 18-19 | th\u00e9matique corps et oreille<i><\/i> \n    <\/span>\n<\/a>                            <a href=\"https:\/\/archives.adc-geneve.ch\/2021\/emissions-saison-19-20\/\" class=\"border-b border-black w-full flex flex-wrap b-acc__button\">\n    <span class=\"b-acc__titre\">\n      \u00c9missions saison 19-20 | th\u00e9matique ACCELERATIONS<i><\/i> \n    <\/span>\n<\/a>                        <\/div>\n<\/section>\n\n\n<div style=\"height:40px\" aria-hidden=\"true\" class=\"wp-block-spacer\"><\/div>\n\n\n<div data-block_5fb528ddbe030 class=\"c-block c-block-acc has_color b-accordeon-conception-et-credits b-accordeon accordion align\">\n  <button id=\"accordeon-block_5fb528ddbe030\" class=\"b-acc__button js-accordeon-button\" >\n    <span class=\"b-acc__titre\">Conception et cr\u00e9dits<i><\/i><\/span>\n  <\/button>\n  <div class=\"b-acc__panel\">\n      <p><strong>concept<\/strong> Cindy Van Acker \u2014 <strong>programme<\/strong> Mich\u00e8le Pralong, Cindy Van Acker, Anne Davier \u2014 <strong>son<\/strong> Denis Rollet \u2014<strong>sc\u00e9nographie<\/strong> Victor Roy \u2014 <strong>coproduction<\/strong> ADC et compagnie Greffe<\/p>\n\n  <\/div>\n<\/div>\n\n\n<div data-block_5fb527f1be02f class=\"c-block c-block-acc has_color b-accordeon-en-savoir-plus-sur-les-radios-partenaires b-accordeon accordion align\">\n  <button id=\"accordeon-block_5fb527f1be02f\" class=\"b-acc__button js-accordeon-button\" >\n    <span class=\"b-acc__titre\">En savoir plus sur les radios partenaires<i><\/i><\/span>\n  <\/button>\n  <div class=\"b-acc__panel\">\n      <p><a href=\"https:\/\/www.duuuradio.fr\/\" target=\"_blank\" rel=\"noopener noreferrer\"><strong data-rich-text-format-boundary=\"true\">DUUU<\/strong><\/a> est une radio sur internet mont\u00e9e en 2012 par 4 artistes. *DUUU est une plate-forme de rencontres et de discussions s\u2019appuyant sur un panel d\u2019\u00e9missions. *DUUU est une partition. C\u2019est la traduction du mot RADIO en code Parsons.<\/p>\n<p><a href=\"http:\/\/www.radiovostok.ch\/\" target=\"_blank\" rel=\"noopener noreferrer\"><strong data-rich-text-format-boundary=\"true\">Radio Vostok<\/strong><\/a> est un m\u00e9dia ind\u00e9pendant genevois qui produit des contenus culturels et informatifs par le biais d\u2019une webradio et d\u2019un site internet. Situ\u00e9e \u00e0 Gen\u00e8ve elle dispose d\u2019un studio multimedia aux Acacias et d\u2019un mini-bus en cours d\u2019\u00e9quipement pour ses op\u00e9rations ext\u00e9rieures. Les contenus de Radio Vostok sont destin\u00e9s au public du bassin genevois. L\u2019ensemble du programme radio et des contenus sont accessibles librement via internet au niveau mondial. Avec pr\u00e8s de 30 collaborateurs b\u00e9n\u00e9voles, Radio Vostok est un m\u00e9dia alternatif en pleine expansion. Elle propose des contenus de qualit\u00e9, pour un large public, dans le but de promouvoir les actualit\u00e9s locales et la diversit\u00e9 culturelle.<\/p>\n\n  <\/div>\n<\/div>\n<\/div>\n<\/div>\n","protected":false},"excerpt":{"rendered":"<p>Radio STATION DEBOUT STATION DEBOUT est une radio de danse de la Cie Greffe et de l&#8217;ADC. Conception et programmation: Anne Davier et Mich\u00e8le Pralong; animation: Mich\u00e8le Pralong. Th\u00e9matique de l&#8217;automne 2020 :Passons ! Ce que le virus fait aux arts vivants Cinq \u00e9missions enregistr\u00e9es en novembre avec dix invit\u00e9.es et Mich\u00e8le Pralong 1. Fr\u00e9d\u00e9ric\u00a0Plazy &hellip; <a href=\"https:\/\/archives.adc-geneve.ch\/2021\/radio\/\">Continued<\/a><\/p>\n","protected":false},"author":3,"featured_media":15772,"parent":0,"menu_order":0,"comment_status":"closed","ping_status":"closed","template":"","meta":[],"_links":{"self":[{"href":"https:\/\/archives.adc-geneve.ch\/2021\/wp-json\/wp\/v2\/pages\/4285"}],"collection":[{"href":"https:\/\/archives.adc-geneve.ch\/2021\/wp-json\/wp\/v2\/pages"}],"about":[{"href":"https:\/\/archives.adc-geneve.ch\/2021\/wp-json\/wp\/v2\/types\/page"}],"author":[{"embeddable":true,"href":"https:\/\/archives.adc-geneve.ch\/2021\/wp-json\/wp\/v2\/users\/3"}],"replies":[{"embeddable":true,"href":"https:\/\/archives.adc-geneve.ch\/2021\/wp-json\/wp\/v2\/comments?post=4285"}],"version-history":[{"count":3,"href":"https:\/\/archives.adc-geneve.ch\/2021\/wp-json\/wp\/v2\/pages\/4285\/revisions"}],"predecessor-version":[{"id":16243,"href":"https:\/\/archives.adc-geneve.ch\/2021\/wp-json\/wp\/v2\/pages\/4285\/revisions\/16243"}],"wp:featuredmedia":[{"embeddable":true,"href":"https:\/\/archives.adc-geneve.ch\/2021\/wp-json\/wp\/v2\/media\/15772"}],"wp:attachment":[{"href":"https:\/\/archives.adc-geneve.ch\/2021\/wp-json\/wp\/v2\/media?parent=4285"}],"curies":[{"name":"wp","href":"https:\/\/api.w.org\/{rel}","templated":true}]}}