{"id":251,"date":"2017-07-14T15:58:32","date_gmt":"2017-07-14T13:58:32","guid":{"rendered":"http:\/\/adc-geneve.ch\/v2\/?page_id=251"},"modified":"2021-03-09T17:25:49","modified_gmt":"2021-03-09T16:25:49","slug":"partenaires","status":"publish","type":"page","link":"https:\/\/archives.adc-geneve.ch\/2021\/partenaires\/","title":{"rendered":"partenaires"},"content":{"rendered":"\n<div class=\"wp-container-69e9bfdcd8b46 wp-block-columns\">\n<div class=\"wp-block-column\">\n<h1>Partenaires<\/h1>\n\n\n\n<h3>L&#8217;ADC b\u00e9n\u00e9ficie du soutien de la Ville de Gen\u00e8ve<\/h3>\n\n\n<section data-block_5ee369fe141fe class=\"c-block c-block-partenaire partenaire align\">\n  <div class=\"grid grid-cols-2 md:grid-cols-2 gap-2\">\n           \n                        \n            <a href=\"https:\/\/www.geneve.ch\" class=\"flex\">\n  <div class=\"flex h-full justify-center items-center\">\n                          <img src=\"https:\/\/archives.adc-geneve.ch\/2021\/wp-content\/uploads\/2018\/06\/Logos_liste_export_.jpg\" alt=\"\" class=\"w-full\">\n              <\/div>\n<\/a>         \n                \n      <\/div>\n<\/section>\n\n\n<h3>La transition au Pavillon de la danse b\u00e9n\u00e9ficie du soutien de la Loterie romande<\/h3>\n\n\n<section data-block_5ef22b69be425 class=\"c-block c-block-partenaire partenaire align\">\n  <div class=\"grid grid-cols-2 md:grid-cols-2 gap-2\">\n           \n                        \n            <a href=\"\" class=\"flex\">\n  <div class=\"flex h-full justify-center items-center\">\n                          <img src=\"https:\/\/archives.adc-geneve.ch\/2021\/wp-content\/uploads\/2020\/06\/LoRo-LogoBeneficiaires-NB-pdf-300x105.jpg\" alt=\"\" class=\"w-full\">\n              <\/div>\n<\/a>         \n                \n      <\/div>\n<\/section>\n\n\n<div style=\"height:50px\" aria-hidden=\"true\" class=\"wp-block-spacer\"><\/div>\n\n\n\n<h3>Partenaires programmation<\/h3>\n\n\n<section data-block_5ed7dc95c33fd class=\"c-block c-block-partenaire partenaire align\">\n  <div class=\"grid grid-cols-2 md:grid-cols-4 gap-8\">\n           \n                        \n            <a href=\"https:\/\/www.batie.ch\/fr\/interedition\" class=\"flex\">\n  <div class=\"flex h-full justify-center items-center\">\n                          <img src=\"https:\/\/archives.adc-geneve.ch\/2021\/wp-content\/uploads\/2020\/06\/LA-BATIELOGO2019-2-3-pdf-300x96.jpg\" alt=\"\" class=\"w-full\">\n              <\/div>\n<\/a>         \n                \n            <a href=\"https:\/\/www.antigel.ch\/\" class=\"flex\">\n  <div class=\"flex h-full justify-center items-center\">\n                          <img src=\"https:\/\/archives.adc-geneve.ch\/2021\/wp-content\/uploads\/2020\/06\/brouillon-auto-8-300x175.png\" alt=\"\" class=\"w-full\">\n              <\/div>\n<\/a>         \n                \n            <a href=\"https:\/\/fondationlabri.ch\/\" class=\"flex\">\n  <div class=\"flex h-full justify-center items-center\">\n                          <img src=\"https:\/\/archives.adc-geneve.ch\/2021\/wp-content\/uploads\/2020\/06\/Logo_Abri_noir-et-blanc-300x209.png\" alt=\"\" class=\"w-full\">\n              <\/div>\n<\/a>         \n                \n            <a href=\"https:\/\/www.theatredelusine.ch\/\" class=\"flex\">\n  <div class=\"flex h-full justify-center items-center\">\n                          <img src=\"https:\/\/archives.adc-geneve.ch\/2021\/wp-content\/uploads\/2020\/06\/brouillon-auto-9-300x300.jpeg\" alt=\"\" class=\"w-full\">\n              <\/div>\n<\/a>         \n                \n            <a href=\"\" class=\"flex\">\n  <div class=\"flex h-full justify-center items-center\">\n                          <img src=\"https:\/\/archives.adc-geneve.ch\/2021\/wp-content\/uploads\/2021\/03\/brouillon-auto-17-245x300.jpg\" alt=\"\" class=\"w-full\">\n              <\/div>\n<\/a>         \n                \n      <\/div>\n<\/section>\n\n\n<div style=\"height:50px\" aria-hidden=\"true\" class=\"wp-block-spacer\"><\/div>\n\n\n\n<h3> Autres partenaires <\/h3>\n\n\n<section data-block_5ee7590caddbf class=\"c-block c-block-partenaire partenaire align\">\n  <div class=\"grid grid-cols-2 md:grid-cols-4 gap-8\">\n           \n                        \n            <a href=\"https:\/\/fetedeladanse.ch\/\" class=\"flex\">\n  <div class=\"flex h-full justify-center items-center\">\n                          <img src=\"https:\/\/archives.adc-geneve.ch\/2021\/wp-content\/uploads\/2020\/06\/TF_Logo_Geneve_neutral_pos-pdf-300x153.jpg\" alt=\"\" class=\"w-full\">\n              <\/div>\n<\/a>         \n                \n            <a href=\"http:\/\/www.passedanse.com\/\" class=\"flex\">\n  <div class=\"flex h-full justify-center items-center\">\n                          <img src=\"https:\/\/archives.adc-geneve.ch\/2021\/wp-content\/uploads\/2017\/07\/Logo_passedanse-e1529319352968.jpg\" alt=\"\" class=\"w-full\">\n              <\/div>\n<\/a>         \n                \n            <a href=\"https:\/\/artasperto.ch\/\" class=\"flex\">\n  <div class=\"flex h-full justify-center items-center\">\n                          <img src=\"https:\/\/archives.adc-geneve.ch\/2021\/wp-content\/uploads\/2020\/06\/Arta-Sperto_Logo_Short_favicon-300x300.png\" alt=\"\" class=\"w-full\">\n              <\/div>\n<\/a>         \n                \n            <a href=\"http:\/\/www.amstramgram.ch\/\" class=\"flex\">\n  <div class=\"flex h-full justify-center items-center\">\n                          <img src=\"https:\/\/archives.adc-geneve.ch\/2021\/wp-content\/uploads\/2020\/06\/logo-AMSTRAMGRAM-noir-pdf-300x300.jpg\" alt=\"\" class=\"w-full\">\n              <\/div>\n<\/a>         \n                \n            <a href=\"https:\/\/www.comedie.ch\/\" class=\"flex\">\n  <div class=\"flex h-full justify-center items-center\">\n                          <img src=\"https:\/\/archives.adc-geneve.ch\/2021\/wp-content\/uploads\/2020\/06\/brouillon-auto-7-300x283.jpg\" alt=\"\" class=\"w-full\">\n              <\/div>\n<\/a>         \n                \n            <a href=\"\" class=\"flex\">\n  <div class=\"flex h-full justify-center items-center\">\n                          <img src=\"https:\/\/archives.adc-geneve.ch\/2021\/wp-content\/uploads\/2020\/06\/brouillon-auto-15-300x169.png\" alt=\"\" class=\"w-full\">\n              <\/div>\n<\/a>         \n                \n            <a href=\"https:\/\/www.ballet-junior.ch\/index.php\/fr\/\" class=\"flex\">\n  <div class=\"flex h-full justify-center items-center\">\n                          <img src=\"https:\/\/archives.adc-geneve.ch\/2021\/wp-content\/uploads\/2020\/07\/brouillon-auto-16-300x39.png\" alt=\"\" class=\"w-full\">\n              <\/div>\n<\/a>         \n                \n            <a href=\"http:\/\/www.manufacture.ch\/\" class=\"flex\">\n  <div class=\"flex h-full justify-center items-center\">\n                          <img src=\"https:\/\/archives.adc-geneve.ch\/2021\/wp-content\/uploads\/2020\/06\/brouillon-auto-14.png\" alt=\"\" class=\"w-full\">\n              <\/div>\n<\/a>         \n                \n            <a href=\"https:\/\/cfparts.ch\/\" class=\"flex\">\n  <div class=\"flex h-full justify-center items-center\">\n                          <img src=\"https:\/\/archives.adc-geneve.ch\/2021\/wp-content\/uploads\/2020\/06\/logo_CFPA2-300x154.png\" alt=\"\" class=\"w-full\">\n              <\/div>\n<\/a>         \n                \n            <a href=\"https:\/\/www.chantierouvert.ch\/8017734\" class=\"flex\">\n  <div class=\"flex h-full justify-center items-center\">\n                          <img src=\"https:\/\/archives.adc-geneve.ch\/2021\/wp-content\/uploads\/2020\/06\/logo-chantier-ouvert-2-300x201.png\" alt=\"\" class=\"w-full\">\n              <\/div>\n<\/a>         \n                \n            <a href=\"https:\/\/prophilo.ch\/\" class=\"flex\">\n  <div class=\"flex h-full justify-center items-center\">\n                          <img src=\"https:\/\/archives.adc-geneve.ch\/2021\/wp-content\/uploads\/2019\/06\/partenaires-23.jpg\" alt=\"\" class=\"w-full\">\n              <\/div>\n<\/a>         \n                \n            <a href=\"https:\/\/www.editionszoe.ch\/\" class=\"flex\">\n  <div class=\"flex h-full justify-center items-center\">\n                          <img src=\"https:\/\/archives.adc-geneve.ch\/2021\/wp-content\/uploads\/2020\/06\/LogosZOE_NEW_Seul-pdf-300x285.jpg\" alt=\"\" class=\"w-full\">\n              <\/div>\n<\/a>         \n                \n            <a href=\"http:\/\/www.rp-geneve.ch\/\" class=\"flex\">\n  <div class=\"flex h-full justify-center items-center\">\n                          <img src=\"https:\/\/archives.adc-geneve.ch\/2021\/wp-content\/uploads\/2020\/06\/RP_LogoTexte_NB-pdf-143x300.jpg\" alt=\"\" class=\"w-full\">\n              <\/div>\n<\/a>         \n                \n            <a href=\"\" class=\"flex\">\n  <div class=\"flex h-full justify-center items-center\">\n                          <img src=\"https:\/\/archives.adc-geneve.ch\/2021\/wp-content\/uploads\/2020\/07\/logo_FRAS_NB-300x169.png\" alt=\"\" class=\"w-full\">\n              <\/div>\n<\/a>         \n                \n            <a href=\"https:\/\/www.reso.ch\/fr\" class=\"flex\">\n  <div class=\"flex h-full justify-center items-center\">\n                          <img src=\"https:\/\/archives.adc-geneve.ch\/2021\/wp-content\/uploads\/2020\/06\/reso_SW_600dpi_gross-300x100.jpg\" alt=\"\" class=\"w-full\">\n              <\/div>\n<\/a>         \n                \n            <a href=\"http:\/\/lepacifique-grenoble.com\/podium\/\" class=\"flex\">\n  <div class=\"flex h-full justify-center items-center\">\n                          <img src=\"https:\/\/archives.adc-geneve.ch\/2021\/wp-content\/uploads\/2020\/06\/brouillon-auto-12-300x52.png\" alt=\"\" class=\"w-full\">\n              <\/div>\n<\/a>         \n                \n            <a href=\"https:\/\/www.ednetwork.eu\/\" class=\"flex\">\n  <div class=\"flex h-full justify-center items-center\">\n                          <img src=\"https:\/\/archives.adc-geneve.ch\/2021\/wp-content\/uploads\/2018\/11\/partenaires-12-300x78.png\" alt=\"\" class=\"w-full\">\n              <\/div>\n<\/a>         \n                \n            <a href=\"https:\/\/lecourrier.ch\/\" class=\"flex\">\n  <div class=\"flex h-full justify-center items-center\">\n                          <img src=\"https:\/\/archives.adc-geneve.ch\/2021\/wp-content\/uploads\/2018\/06\/Logos_liste_export_23.jpg\" alt=\"\" class=\"w-full\">\n              <\/div>\n<\/a>         \n                \n            <a href=\"https:\/\/360.ch\/\" class=\"flex\">\n  <div class=\"flex h-full justify-center items-center\">\n                          <img src=\"https:\/\/archives.adc-geneve.ch\/2021\/wp-content\/uploads\/2020\/06\/360-2.jpg\" alt=\"\" class=\"w-full\">\n              <\/div>\n<\/a>         \n                \n            <a href=\"https:\/\/aoc.media\/\" class=\"flex\">\n  <div class=\"flex h-full justify-center items-center\">\n                          <img src=\"https:\/\/archives.adc-geneve.ch\/2021\/wp-content\/uploads\/2020\/06\/logo-AOC-petit-300x200.jpg\" alt=\"\" class=\"w-full\">\n              <\/div>\n<\/a>         \n                \n            <a href=\"http:\/\/lapepinieregeneve.ch\/\" class=\"flex\">\n  <div class=\"flex h-full justify-center items-center\">\n                          <img src=\"https:\/\/archives.adc-geneve.ch\/2021\/wp-content\/uploads\/2020\/06\/brouillon-auto-13-300x122.png\" alt=\"\" class=\"w-full\">\n              <\/div>\n<\/a>         \n                \n            <a href=\"https:\/\/www.unige.ch\/dife\/culture\/\" class=\"flex\">\n  <div class=\"flex h-full justify-center items-center\">\n                          <img src=\"https:\/\/archives.adc-geneve.ch\/2021\/wp-content\/uploads\/2020\/06\/2016_ac_culture_logo-300x109.jpg\" alt=\"\" class=\"w-full\">\n              <\/div>\n<\/a>         \n                \n            <a href=\"https:\/\/www.uog.ch\/\" class=\"flex\">\n  <div class=\"flex h-full justify-center items-center\">\n                          <img src=\"https:\/\/archives.adc-geneve.ch\/2021\/wp-content\/uploads\/2020\/06\/logoUOG-Bleu2-copie.jpg\" alt=\"\" class=\"w-full\">\n              <\/div>\n<\/a>         \n                \n            <a href=\"https:\/\/20ans20francs.ch\/\" class=\"flex\">\n  <div class=\"flex h-full justify-center items-center\">\n                          <img src=\"https:\/\/archives.adc-geneve.ch\/2021\/wp-content\/uploads\/2020\/06\/20ans_20francs_logo_noir-300x211.jpg\" alt=\"\" class=\"w-full\">\n              <\/div>\n<\/a>         \n                \n            <a href=\"https:\/\/www.geneve.ch\/fr\/themes\/culture\/culture-toutes\/chequier-culture\" class=\"flex\">\n  <div class=\"flex h-full justify-center items-center\">\n                          <img src=\"https:\/\/archives.adc-geneve.ch\/2021\/wp-content\/uploads\/2020\/06\/chequier_nb.jpg\" alt=\"\" class=\"w-full\">\n              <\/div>\n<\/a>         \n                \n            <a href=\"https:\/\/www.ge.ch\/dossier\/geneve-soutient-artistes-culture\/sorties-relax\" class=\"flex\">\n  <div class=\"flex h-full justify-center items-center\">\n                          <img src=\"https:\/\/archives.adc-geneve.ch\/2021\/wp-content\/uploads\/2020\/06\/NB_SortiesRelax-300x124.jpg\" alt=\"\" class=\"w-full\">\n              <\/div>\n<\/a>         \n                \n            <a href=\"\" class=\"flex\">\n  <div class=\"flex h-full justify-center items-center\">\n                          <img src=\"https:\/\/archives.adc-geneve.ch\/2021\/wp-content\/uploads\/2020\/11\/brouillon-auto-3-300x78.jpg\" alt=\"\" class=\"w-full\">\n              <\/div>\n<\/a>         \n                \n      <\/div>\n<\/section>\n\n\n<h3>  <\/h3>\n\n\n<section data-block_5fb3ea473889c class=\"c-block c-block-partenaire partenaire align\">\n  <div class=\"grid grid-cols-2 md:grid-cols-4 gap-8\">\n     <\/div>\n<\/section><\/div>\n\n\n\n<div class=\"wp-block-column\"><\/div>\n<\/div>\n\n\n<section data-block_5ed7dc85c33fc class=\"c-block c-block-partenaire partenaire align\">\n  <div class=\"grid grid-cols-2 md:grid-cols-2 gap-2\">\n     <\/div>\n<\/section>\n\n<section data-block_5ee73f4234eaa class=\"c-block c-block-partenaire partenaire align\">\n  <div class=\"grid grid-cols-2 md:grid-cols-2 gap-2\">\n     <\/div>\n<\/section>\n\n\n<p><\/p>\n","protected":false},"excerpt":{"rendered":"<p>Partenaires L&#8217;ADC b\u00e9n\u00e9ficie du soutien de la Ville de Gen\u00e8ve La transition au Pavillon de la danse b\u00e9n\u00e9ficie du soutien de la Loterie romande Partenaires programmation Autres partenaires<\/p>\n","protected":false},"author":1,"featured_media":0,"parent":0,"menu_order":0,"comment_status":"closed","ping_status":"closed","template":"","meta":[],"_links":{"self":[{"href":"https:\/\/archives.adc-geneve.ch\/2021\/wp-json\/wp\/v2\/pages\/251"}],"collection":[{"href":"https:\/\/archives.adc-geneve.ch\/2021\/wp-json\/wp\/v2\/pages"}],"about":[{"href":"https:\/\/archives.adc-geneve.ch\/2021\/wp-json\/wp\/v2\/types\/page"}],"author":[{"embeddable":true,"href":"https:\/\/archives.adc-geneve.ch\/2021\/wp-json\/wp\/v2\/users\/1"}],"replies":[{"embeddable":true,"href":"https:\/\/archives.adc-geneve.ch\/2021\/wp-json\/wp\/v2\/comments?post=251"}],"version-history":[{"count":5,"href":"https:\/\/archives.adc-geneve.ch\/2021\/wp-json\/wp\/v2\/pages\/251\/revisions"}],"predecessor-version":[{"id":17023,"href":"https:\/\/archives.adc-geneve.ch\/2021\/wp-json\/wp\/v2\/pages\/251\/revisions\/17023"}],"wp:attachment":[{"href":"https:\/\/archives.adc-geneve.ch\/2021\/wp-json\/wp\/v2\/media?parent=251"}],"curies":[{"name":"wp","href":"https:\/\/api.w.org\/{rel}","templated":true}]}}